 Let p = 596 + -594. Suppose 5*i = -3*g + 231, 0*i + i = p*g + t. Calculate the greatest common divisor of i and 120.
24
Let p(a) = a**2 - 5*a + 19. Let s be (-2)/(-16) + (-92)/(-32). Let h be p(s). What is the highest common divisor of h and 117?
13
Let s be 0*(-2)/(-5 - -1). Suppose s = -5*d + 21 + 4. What is the highest common factor of d and 40?
5
Suppose -10*j = -14*j + 188. Calculate the greatest common divisor of j and 47.
47
Suppose 2*n + 4*u - 252 = 0, n - 4*n - 2*u + 366 = 0. Suppose 11*t - 8*t + 3*w - n = 0, -3*w + 165 = 4*t. What is the highest common divisor of 180 and t?
45
Suppose 4*w - w - 45 = 3*u, 0 = 2*w + 5*u - 30. Let x be ((-11)/1 - 3)*3/3. Let y = x + w. What is the highest common divisor of y and 8?
1
Let n(c) = -12*c + 22*c + 30*c. Let r be n(2). Suppose g + g - r = 0. What is the highest common factor of 10 and g?
10
Let x be 4 - 6378/(-18) - 4/3. Calculate the greatest common factor of 85 and x.
17
Let o = -5 - 3. Let q = 7 - o. Let k = 6 - 3. Calculate the greatest common factor of k and q.
3
Let x be (-49 - -46)*-1*7. What is the greatest common divisor of x and 3171?
21
Suppose 418 = -4*k + 458. Let y = 189 - 129. Suppose d + 2*d - y = 0. What is the greatest common factor of k and d?
10
Let u(q) = 2*q + 14. Let r be 9 - (5 - (-2 - -5)). Let w be u(r). What is the highest common factor of w and 112?
28
Suppose -9*i + 10 = -14*i. Let n be i/(-12) - (-171)/(-54). Let k be n/6*-2 - -14. What is the greatest common factor of 15 and k?
15
Let u(m) = 2*m**2 + 12*m - 2. Let c be u(-8). What is the greatest common factor of 390 and c?
30
Let a(f) be the second derivative of -f**3/2 + 46*f. Let b be a(-9). What is the highest common factor of b and 18?
9
Suppose -30*g + 4556 = -3724. What is the greatest common divisor of 60 and g?
12
Let d be 40 + (8 - 3) + -3. Let s = d - 9. Suppose 0 = -10*a + 11*a - s. Calculate the highest common factor of 22 and a.
11
Let u = 110 - -92. Suppose u = 7*j - 50. Calculate the highest common divisor of j and 9.
9
Let p(l) = l**2 + 18*l + 29. Let q be p(-21). Let m = q + -80. Let u(y) = -7*y - 1. Let j be u(-1). Calculate the highest common factor of m and j.
6
Let z be -2*(-5)/4 - (-6)/12. Let r be -4 + (-738)/(-54) + 1/z. Calculate the greatest common factor of r and 30.
10
Let b = 46 + -22. Let v(h) = -h**3 - 24*h**2 + 37*h - 306. Let l be v(-26). Calculate the highest common divisor of l and b.
12
Let x(s) = -12*s**3 + 2*s + 3. Let z be x(-1). Suppose z*m - 16 = 11*m. Calculate the highest common divisor of 8 and m.
8
Let r(w) = -w - 3. Let o be r(-8). Suppose -x + 7 = o. Suppose 658 + x = 6*m. Calculate the highest common divisor of 11 and m.
11
Let i be -2*2/((-4)/62). Let k = 97 - i. Suppose -3*u = -k + 2. Calculate the greatest common divisor of u and 99.
11
Let f = -127 + 335. What is the greatest common divisor of f and 16?
16
Let b be 980/15 + 2/12*-2. Calculate the greatest common factor of b and 325.
65
Let a be (-7 - 0)*(-28)/98. Suppose -5*b + 15 = -a*b. Calculate the greatest common divisor of 5 and b.
5
Let j(u) = -u**3 - 10*u**2 + 22*u - 29. Let d be j(-12). Let c be d/(5/(-8)) - 2. Calculate the highest common factor of 66 and c.
6
Suppose 0*u = 5*u + 5*l + 10, -2*u + 4*l + 14 = 0. Let f be (u*170/(-6))/(3/(-18)). Calculate the highest common factor of 17 and f.
17
Suppose -5*h - 4*l = -2125, -5*h = -6*h - 5*l + 404. Calculate the highest common divisor of h and 33.
33
Let j be (-132)/(-8)*2*-1. Let z be 6/j - 1240/(-44). Let w be (z - 1) + (0 - -2). Calculate the highest common factor of 232 and w.
29
Let m be (2 - (-8)/6)*-60. Suppose 3*b - 5*a - 32 = b, -b - 4*a - 10 = 0. Let q be b/5*m/(-12). Calculate the highest common divisor of q and 180.
20
Let s = -58 + 56. Let v be ((-13)/(-26))/((-1794)/(-896) + s). What is the highest common divisor of v and 32?
32
Suppose -112*g = -109*g - 87. Let m(z) = z**2 - 3*z - 9. Let q be m(5). Calculate the highest common factor of g and q.
1
Let m be (-2 + 1)/(-1*7/336). Calculate the greatest common divisor of 228 and m.
12
Suppose 0 = 4*s - 8, -4*t = s - 50 - 52. What is the greatest common factor of t and 35?
5
Suppose -5*p = -4*c - 4*p + 16, 4*c + 4*p = -4. Let s(x) = 53*x + 6. Let b be s(c). What is the highest common factor of b and 15?
15
Let h be (40 - -10)/((-2)/(-3)). Suppose -177 = -3*c + h. What is the highest common factor of c and 21?
21
Let a(j) = -j**2 - 13*j - 2. Let y be a(-6). Let s = 66 - y. Suppose x = 5*h + 40, -5*x + 5*h = -3*x - 105. What is the greatest common divisor of x and s?
13
Suppose -3*h + 7 = -0*h - o, 2*o + 8 = 4*h. Suppose 9*p - 3*q - 48 = 4*p, h*q - 33 = -4*p. Calculate the greatest common factor of 6 and p.
3
Suppose -26*h - 4*a = -22*h - 6320, h - 2*a - 1586 = 0. Calculate the highest common divisor of 14 and h.
14
Suppose -3*j + 30 = 2*j. Suppose 12*q - 8*q + 492 = 0. Let t = -69 - q. Calculate the greatest common divisor of j and t.
6
Let x be 1075 + 2*(-24)/(-16). Calculate the greatest common factor of x and 22.
22
Suppose 5*m = 10*m - d - 514, -4*d = 4*m - 416. Calculate the highest common factor of m and 206.
103
Let d be 750/175*(-1 - -8). Suppose -x + 27 + 48 = 0. What is the highest common factor of d and x?
15
Let u(g) = g**3 - 7*g**2 - 8*g + 9. Let f be u(8). Let l = -14 - -15. Let c(s) = 8*s + 1. Let v be c(l). What is the highest common divisor of f and v?
9
Let r = 953 + -939. What is the highest common factor of r and 112?
14
Suppose r = -q + 11, 5*q = r - 28 - 13. Let f be 3 + (-1)/(2/(-4)). Suppose a - f*d = -4*a + 10, -r = -2*a - d. Calculate the highest common factor of a and 9.
3
Suppose -58*j + 3264 = -5610. Calculate the highest common divisor of 36 and j.
9
Suppose -3*c + 2*c + 3*j + 40 = 0, -6*c + 240 = -j. Suppose m - 2*m - 326 = 0. Let b = -226 - m. What is the greatest common factor of b and c?
20
Let i be 4/(-6)*1*-33. Suppose -3*g + 12 = -0*g. Let s be 222 - (1 - (-5 + g)). What is the highest common divisor of s and i?
22
Let i = 223 + -412. Let d = i - -322. What is the greatest common factor of d and 19?
19
Let b(a) = a + 38. Let n be b(20). Suppose -5*j - 8 = -2*t + n, 5*j = 5*t - 165. What is the greatest common factor of 264 and t?
33
Suppose 0*x + 3*x = 78. Suppose q - x = -3*b, -3*b + 15 + 17 = 4*q. Calculate the highest common factor of b and 20.
4
Let h(j) = -j + 61. Let p be h(7). What is the highest common divisor of p and 135?
27
Suppose 5*c - 255 = 375. Suppose 28*l - 868 = -34*l. What is the greatest common factor of l and c?
14
Let f(a) = a**2 + 7*a - 28. Let l be f(-11). Suppose 0 = h + 4*o - 48, 0 = -5*h + o + 35 + 289. What is the greatest common factor of h and l?
16
Suppose 0 = -y - o + 84, -157*y + 153*y + 318 = -5*o. What is the greatest common factor of 1066 and y?
82
Suppose -7*c = -3*c - 60. What is the greatest common divisor of c and 51?
3
Let y be (-182)/(-5) + (-22)/55. What is the highest common divisor of y and 9?
9
Suppose 0 = -290*d + 287*d + 720. What is the greatest common divisor of d and 420?
60
Let c be (33/(-21))/((-9)/189). What is the highest common divisor of c and 297?
33
Let g = 91 + -54. Let i = 39 - g. Calculate the greatest common divisor of i and 11.
1
Let x be 1 - (1 - -5 - (-1 + 398)). Calculate the highest common divisor of 12 and x.
4
Let a = 92 - 27. Let p be (78/8)/(3/8). What is the greatest common divisor of p and a?
13
Let t(p) = 2*p + 2. Let d be t(-2). Let r = d + 5. Let s = -121 - -124. Calculate the greatest common factor of r and s.
3
Let h(c) = -22*c**3 + 21*c**3 + 2*c + 7*c**2 - c**2 + 4*c**2. Let g be h(10). What is the highest common factor of 180 and g?
20
Let z(f) = -f**2 - 7*f + 9. Let s be z(-7). Let m be (-3)/((-7 - -3)/(-108)*-3). What is the highest common divisor of m and s?
9
Let u(l) = -11*l**2 + 8 + 4*l + 24*l**3 - 34*l**3 + 12*l**2. Let k be u(-2). What is the highest common factor of k and 28?
28
Suppose -25 = -4*i + 239. What is the greatest common factor of 88 and i?
22
Suppose 368 = 4*y - 208. Let h be 216/32*(-24)/(-9). Calculate the greatest common factor of y and h.
18
Let y be (-2)/9 - (-22)/99. Suppose -b = -5*x - 5*b + 142, y = b + 2. What is the greatest common divisor of 50 and x?
10
Let l(o) = 2*o**2 - 11*o - 4. Let r be l(6). Let m = 7 + r. Let a be (-4 + m/2)*60. What